*3 - 84*v**2 + 105*v + 1912. Calculate b(-85).
212
Let k(m) = 8*m**3 - 101*m**2 + 54*m + 154. What is k(-1)?
-9
Let a(t) = -1414*t + 155553. Determine a(110).
13
Let l(v) = 102*v**3 + 1324*v**2 - 575*v - 7130. Determine l(-13).
7
Let q(z) = -1020*z - 61105. Calculate q(-60).
95
Let v(q) = 9441*q - 141695. What is v(15)?
-80
Let t(h) = 2*h**2 - 169*h - 202. Give t(95).
1793
Let j(w) = -9*w**2 - 119*w + 856. Determine j(5).
36
Let r(c) = -c**2 + 152*c - 2773. What is r(129)?
194
Let j(q) = -5*q**2 + 235*q - 745. Determine j(44).
-85
Let x(v) = -11038*v + 166410. Determine x(15).
840
Let w(z) = -465*z**2 - 4240*z - 424. Determine w(-9).
71
Let m(w) = -w**3 - 509*w**2 - 60769*w - 9858. Calculate m(-318).
0
Let j(v) = -7117*v - 10262714. Give j(-1442).
0
Let u(d) = 2*d**3 - 286*d**2 + 305*d - 2951. Determine u(142).
31
Let c(s) = -2849*s + 37488. Determine c(13).
451
Let j(k) = -55*k**2 - 167*k - 75. Give j(-3).
-69
Let n(y) = 154*y**2 - 3178*y - 501. Determine n(21).
675
Let t(n) = -6*n**3 + 1721*n**2 + 281*n + 1693. What is t(287)?
-29
Let c(s) = s**2 - 183*s + 3987. Calculate c(33).
-963
Let v(n) = 142*n**2 - 7171*n + 77032. Calculate v(35).
-3
Let o(v) = -1301692*v - 1301713. What is o(-1)?
-21
Let n(h) = -39*h**2 + 354*h + 1283. Determine n(-4).
-757
Let y(i) = i**3 - 75*i**2 - 3510*i + 9217. Determine y(107).
15
Let t(b) = -2*b**3 - 2*b**2 - 38*b - 261. Determine t(-5).
129
Let j(w) = -w**3 - 17*w**2 - 17*w - 199. Give j(-17).
90
Let l(s) = -200*s**2 + 1205*s + 934. Give l(7).
-431
Let c(k) = -27843*k + 83477. Give c(3).
-52
Let l(p) = p**2 - 108*p - 79475. Give l(-232).
-595
Let t(a) = 519*a - 4157. What is t(14)?
3109
Let n(j) = -350*j - 4549. Calculate n(-24).
3851
Let s(o) = -2*o**3 - 17*o**2 + 102*o + 1001. Give s(-9).
164
Let y(g) = 38*g**2 - 919*g + 5424. Give y(12).
-132
Let f(h) = -17575*h + 720606. Determine f(41).
31
Let d(a) = a**3 + 25*a**2 - 120*a - 122. Calculate d(-29).
-6
Let t(y) = -y**2 - 93*y + 559. Give t(-101).
-249
Let m(o) = -5*o - 128. What is m(78)?
-518
Let g(s) = -16*s**3 - 4*s**2 - s + 4. Give g(-1).
17
Let x(w) = -30*w**2 - 110*w + 2220. Calculate x(7).
-20
Let h(k) = 71*k + 239. Calculate h(-2).
97
Let u(f) = f**2 + 1438*f + 182916. Determine u(-141).
39
Let i(o) = 75*o - 5650. Determine i(88).
950
Let q(a) = 250677*a + 1754733. Calculate q(-7).
-6
Let q(n) = -98*n**2 - 628*n - 81. Give q(-6).
159
Let h(f) = -1411983*f + 12707867. Calculate h(9).
20
Let w(d) = -3081*d + 28955. Determine w(9).
1226
Let z(m) = 44*m**2 - 169*m - 7360. Calculate z(15).
5
Let b(g) = -9165*g - 1741365. Give b(-190).
-15
Let l(h) = h**3 - 33*h**2 + 30*h - 152. Determine l(33).
838
Let o(h) = 552*h + 95143. Calculate o(-178).
-3113
Let q(r) = 6*r**2 - 105*r - 54. Determine q(18).
0
Let a(s) = s**2 - 7224*s + 151186. Calculate a(21).
-77
Let m(w) = -2*w**2 - 805*w - 48345. Determine m(-329).
18
Let p(i) = -i**3 - 232*i**2 + 646*i - 13861. Determine p(-235).
4
Let t(m) = -117205*m + 8438756. What is t(72)?
-4
Let i(d) = d**3 - 19*d**2 - 98*d + 262. Determine i(13).
-2026
Let d(m) = -2*m**2 - 144*m + 1986. Calculate d(-84).
-30
Let w(m) = -m**3 + 310*m**2 - 1219*m - 1642. Determine w(306).
-112
Let z(s) = -3*s**3 - 121*s**2 - 373*s - 116. Determine z(-37).
-5
Let a(c) = -758*c**3 - c**2 + 6*c + 7. Determine a(-1).
758
Let n(p) = 1010*p**2 - 5328*p + 5328. Give n(1).
1010
Let f(j) = -798*j + 81989. What is f(103)?
-205
Let k(v) = -2*v**2 - 2479*v + 17112. What is k(7)?
-339
Let m(j) = -j**3 - 1049*j**2 - 17540*j + 64. What is m(-17)?
-4
Let z(d) = d**3 + 231*d**2 + 6707*d - 53. Determine z(-34).
-359
Let q(l) = 3*l**2 - 257*l - 2081. Determine q(-8).
167
Let l(t) = t**3 - 496*t**2 + 60136*t - 198. Calculate l(211).
13
Let c(i) = -912*i - 19990. Calculate c(-22).
74
Let u(p) = 90*p + 22695. Give u(-226).
2355
Let n(c) = -c**3 - 1399*c**2 + 4103*c + 294. Calculate n(3).
-15
Let m(b) = -7*b**3 - 18*b**2 - 734*b - 2221. Determine m(-3).
8
Let b(r) = -2*r**3 + 19*r**2 + 6889*r - 48478. What is b(7)?
-10
Let p(l) = 3*l**3 + 31*l**2 + 34*l + 635. Determine p(-11).
19
Let h(y) = -456169*y + 26457805. Calculate h(58).
3
Let k(t) = 4*t**3 + 124*t**2 + 763*t + 213. Give k(-8).
-3
Let f(y) = -16*y**2 + 47*y - 416. Calculate f(9).
-1289
Let u(s) = -23*s**3 - 9*s**2 + 611*s - 612. Give u(1).
-33
Let g(z) = 2*z**2 - 43*z - 184316. What is g(-293)?
-19
Let r(o) = 950*o**2 + 2838*o - 48. Determine r(-3).
-12
Let w(q) = 8492*q - 288732. What is w(34)?
-4
Let b(z) = 2*z**3 - 82*z**2 - 443*z + 15076. Calculate b(42).
-2
Let q(s) = 29*s + 6115. Calculate q(-211).
-4
Let m(d) = -22991*d + 22974. Give m(1).
-17
Let o(d) = -117*d + 2303. What is o(14)?
665
Let l(u) = -u**3 - 18*u**2 + 21*u + 441. Give l(-18).
63
Let q(a) = 1087*a - 2904. Calculate q(3).
357
Let q(m) = -6*m**2 - 189*m - 247. Calculate q(-32).
-343
Let z(t) = -t**2 - 2298*t + 141477. What is z(60)?
-3
Let w(i) = -i**3 - 21*i**2 - 88*i - 1242. Give w(-20).
118
Let l(d) = d**2 + 33549*d + 100635. Give l(-3).
-3
Let d(y) = -2*y**3 + 906*y**2 - 976*y + 32549. What is d(452)?
5
Let g(c) = -c**3 + 13*c**2 + 192*c - 51. What is g(-9)?
3
Let r(o) = -13692*o - 2272871. Calculate r(-166).
1
Let s(f) = -f**3 + 8*f**2 + 5258*f - 42271. Calculate s(8).
-207
Let o(n) = -347*n + 190440. Determine o(549).
-63
Let j(l) = l**2 + 908*l + 117300. Give j(-156).
-12
Let q(h) = -h**3 - 34*h**2 - 154*h - 12. What is q(-8)?
-444
Let v(h) = -5*h**2 + 229*h - 682. Give v(39).
644
Let r(c) = 518*c + 29444. What is r(-57)?
-82
Let a(m) = 2*m**3 + 1718*m**2 - 6869*m - 19. Calculate a(4).
121
Let u(y) = -76*y**3 - 187*y**2 - 49*y - 7. Calculate u(-2).
-49
Let r(i) = -i**3 + 88*i**2 - 1565*i + 17524. What is r(69)?
-2
Let o(q) = q**3 - 512*q**2 - 3276*q - 185281. Calculate o(519).
2
Let i(c) = -15072*c - 15079. What is i(-1)?
-7
Let i(f) = 2*f**3 + 2*f**2 - 14*f + 21. Determine i(7).
707
Let x(b) = -1300*b**2 - 24700*b - 49. Determine x(-19).
-49
Let x(i) = 8237*i - 115262. What is x(14)?
56
Let b(s) = 3*s**3 + 137*s**2 - 420*s - 10902. Determine b(-47).
2
Let k(x) = 96*x - 23082. Give k(256).
1494
Let i(n) = n**3 - 243*n**2 + 6612*n - 1206. What is i(31)?
34
Let c(g) = g**3 - 55*g**2 + 309*g + 1288. Give c(48).
-8
Let n(t) = -195*t + 524. Determine n(3).
-61
Let o(d) = -5*d**2 + 481*d + 992. Calculate o(98).
110
Let s(j) = 2*j**2 + 1581*j + 109846. Calculate s(-77).
-33
Let q(j) = -10*j**3 + 2*j**2 - 19*j + 82. What is q(4)?
-602
Let j(v) = 5*v**2 - 1330*v + 1278. Give j(265).
-47
Let f(o) = 34467*o - 861685. Determine f(25).
-10
Let f(h) = -h**2 - 1315807*h - 42104795. What is f(-32)?
5
Let c(i) = -8*i**3 - 45*i**2 + 169*i + 85. Give c(3).
-29
Let q(a) = -2*a**3 - 47*a**2 + 374*a + 8419. Determine q(-24).
19
Let l(j) = -3521*j + 47. Calculate l(0).
47
Let t(z) = -2870*z - 169329. Give t(-59).
1
Let c(r) = -3*r**2 + 272*r + 158580. Give c(-189).
9
Let g(a) = 8265091*a - 49590542. Determine g(6).
4
Let n(r) = -6974*r - 13965. Determine n(-2).
-17
Let z(g) = -19*g**2 + 274*g + 5376. What is z(-11)?
63
Let x(f) = -f**3 - 41*f**2 - 4050*f - 184009. What is x(-44)?
-1
Let m(i) = i**3 - 191*i**2 - 5176*i + 3468. Calculate m(215).
28
Let l(s) = -2*s**2 - 330*s + 5030. Give l(-179).
18
Let a(m) = -m**3 + 4*m**2 + 1085*m - 1874. Determine a(-32).
270
Let w(t) = -4773*t + 515640. What is w(108)?
156
Let q(h) = 3164*h - 16037. What is q(5)?
-217
Let z(w) = w**2 + 63*w - 670. Calculate z(-67).
-402
Let g(n) = 116*n**3 - n**2 - 25*n - 56. Determine g(-2).
-938
Let d(k) = k**2 - 185*k + 7377. What is d(75)?
-873
Let i(a) = -a**3 + 2*a**2 + 253*a + 1278. Calculate i(18).
648
Let x(n) = -66*n - 2272. Calculate x(-26).
-556
Let i(h) = 3*h**3 + 1675*h**2 - 56052*h - 1172. Determine i(-590).
8
Let x(b) = b**3 + 196*b**2 + 8873*b - 205. What is x(-125)?
45
Let b(p) = -5*p**2 + 1529*p - 97108. Determine b(90).
2
Let q(c) = -c**3 - 82*c**2 + 179*c - 7420. Give q(-85).
-960
Let q(f) = 3280563*f - 19683384. Calculate q(6).
-6
Let g(w) = 559*w**2 - 85961*w - 19262. Give g(154).
-12
Let p(o) = -o**2 - 259*o + 120421. Calculate p(240).
661
Let k(l) = 10*l**3 + 466*l**2 - 646*l + 1236. Give k(-48).
-12
Let q(l) = -l**3 - 91*l**2 - 672*l - 232. What is q(-83)?
432
Let t(r) = -4977*r**2 - 288668*r + 23. Determine t(-58).
139
Let b(r) = 3*r**2 + 772*r + 1